= -2*g + 8, 2*x = 5*g - 7 - 2. What are the prime factors of (2 - 2 - -4) + x?
2
Suppose 4*t + q - 5*q = 0, 2*q - 6 = 0. Let l = -6 - -5. Let z = t + l. What are the prime factors of z?
2
Suppose 3*o + b = 13, 0 = 3*o - 3*b + 2*b - 5. List the prime factors of 1 - (o + 2*-2).
2
Let t be 20/(-15)*18/(-1). Let s = t + -9. List the prime factors of s.
3, 5
Let i(d) = 3*d - 3. Let f be i(2). Suppose -f*c - 3 = -12. Suppose -c*y + 2*v + 0*v = -28, 0 = 2*v - 8. List the prime factors of y.
2, 3
Let z(l) = l**2 - l + 4. Let q be z(0). Suppose -4*o = q*c - 72, 4*o + 2*c - 93 = -29. List the prime factors of o.
2, 7
Suppose i - 6*f + 11*f = 23, -2*i + 57 = -f. What are the prime factors of i?
2, 7
Let d = -4 - -12. Let y = d - 6. What are the prime factors of y?
2
Let c(f) = 22*f - 1. List the prime factors of c(2).
43
Suppose -33 = -5*q + 2*q. List the prime factors of q.
11
Let q = 24 - 35. Let p = 16 + q. Suppose -25 - 15 = -p*l. What are the prime factors of l?
2
Suppose 3*r + 45 = -2*d + 2*r, 78 = -4*d + 2*r. Let x = -9 - d. What are the prime factors of x?
2, 3
Let h(k) = -56*k. List the prime factors of h(-2).
2, 7
Let h(j) = j + 4. Let q be h(-2). Let t(b) = 21*b + 1. Let w be t(1). Suppose 3*f - 5*f + 22 = -v, -q*f - v + w = 0. What are the prime factors of f?
11
Suppose -o = 2*u - 52, u - 27 = 3*o + 13. What are the prime factors of u?
2, 7
Suppose -5*o - 15 = -0*o. Let g be (-1)/(-1 - 2/o). Suppose -25 = -5*q, -q = -8*c + g*c + 40. What are the prime factors of c?
3
List the prime factors of (22 - 1 - -2)*2.
2, 23
Suppose -2*q - 5*n - 5 = -4*q, 5*q + 4*n = 62. List the prime factors of q.
2, 5
Let g = -12 + 16. Let u(c) = 14*c - 1. Let p be u(4). Suppose -3*t + p = g. List the prime factors of t.
17
Let s be 4/(-22) - (-68)/11. Let d(x) = x**2 - x - 11. What are the prime factors of d(s)?
19
Let k(o) = -o**2 - o. Let f be k(0). Suppose 0 = y - j - 6, 2*y - j - 6 - 3 = f. List the prime factors of y.
3
Suppose 3*o - 8 = -3*b + b, o = 3*b - 12. Suppose -4*f - 3*s + 48 = o, 65 = 6*f - f + 5*s. What are the prime factors of f?
3
Suppose -4*a = l - 192, 0 = 3*a - 4*a + 3*l + 48. List the prime factors of a.
2, 3
Suppose 0 = 4*p - p + 96. Let t = 45 + p. List the prime factors of t.
13
Let m(g) = -9 + 8 + 12 - g**2. Let c be m(0). Suppose 4*a - y - 17 = 0, y + c = -0*a + 2*a. List the prime factors of a.
3
Suppose -3 = -3*g + 6. What are the prime factors of 4/6*9/g?
2
Suppose 3*m - m - 295 = -r, -3*r + 876 = -3*m. What are the prime factors of r?
293
Let m(r) = 2*r - 6. Let t be m(5). Let f = -16 - -31. Suppose t*h = -h + f. List the prime factors of h.
3
Let u be -4*7/((-28)/8). Suppose u + 4 = b + 2*d, 5*b - 5*d = 30. What are the prime factors of b?
2
Let t be (22/4 + -2)*2. Let a = t + -5. List the prime factors of a.
2
Suppose 0*p + 36 = -2*p. What are the prime factors of p*(6/(-9) - 1)?
2, 3, 5
Suppose -2*w = -w - 14. Let o = w + -5. What are the prime factors of o?
3
Let f = 3 + -1. Let n(k) = 3*k - 2*k - k + f*k. What are the prime factors of n(3)?
2, 3
Let v(a) = 191*a + 5. List the prime factors of v(1).
2, 7
Suppose -6 = -4*x + x. Let i be 1 - 3/12*0. What are the prime factors of x - (-27)/3 - i?
2, 5
Suppose -2*w + 123 + 21 = 0. Suppose 4*s + 0*o - 89 = 3*o, -3*s = -4*o - w. List the prime factors of s.
2, 5
Let o be (-14)/21 + (-28)/(-6). Suppose 2*z = -2*k + 18, k = 3*z + z + o. List the prime factors of k.
2
Suppose 9*k - 4*k = 160. Suppose -2*l = -0*l - k. Suppose -2*d - 6 + l = 0. List the prime factors of d.
5
Let x(i) = 12*i. Suppose 3*f - 3*k + 21 = 0, -2*f + 3*f - 2 = -2*k. Let u = f - -5. What are the prime factors of x(u)?
2, 3
Let f(j) = -3*j + 19. Let x = 20 - 30. What are the prime factors of f(x)?
7
Let p(b) = -5*b + 6. Let s(m) = -1. Let n(h) = p(h) + 2*s(h). List the prime factors of n(-5).
29
Suppose 3*b = 5*y - 72, y = -b + 5*y - 31. Let r(o) = -4*o**3 + 2*o**2 + 2*o - 2. Let g be r(-2). Let t = g + b. List the prime factors of t.
3, 5
Suppose 2*u - 144 = -c - 10, -3*u + 12 = 0. What are the prime factors of c?
2, 3, 7
Let n(v) = -v**3 - 8*v**2. Let q be n(-8). Suppose -r - 23 = -q*r. Let j = -14 - r. List the prime factors of j.
3
Let h(c) = -c**3 + 10*c**2 + 4*c + 1. What are the prime factors of h(9)?
2, 59
Suppose -8*m + 4*m = -48. List the prime factors of (m + -13)*-4*1.
2
Let x be 4 + -2 + 1/1. Suppose -x*k + 21 = -0*k. List the prime factors of k.
7
Suppose n + 5*u - 18 = 0, -2*u - 8 = -n + 3*u. List the prime factors of n.
13
Let z(y) = 3*y**2 + 9*y - 24. List the prime factors of z(5).
2, 3
Let t be (-88)/(-10) - (-5)/25. Let r(g) = g - 7. Let j be r(t). Let c = j - -3. List the prime factors of c.
5
Suppose -3*u - 3*n + 6 = 0, -3*u + 5*n - 1 + 39 = 0. Let h(s) = s - 4*s - u - 4*s + 2*s. List the prime factors of h(-4).
2, 7
Let h(o) = 6*o**3 - o**2 + 2*o - 2. List the prime factors of h(1).
5
Let m(u) = u**3 + 8*u**2 - 10*u - 5. Let b = 6 - 13. Let l(g) = g**3 + 7*g**2 + 2*g + 5. Let y be l(b). List the prime factors of m(y).
2
Let g(v) = -13*v + 16. What are the prime factors of g(-5)?
3
Suppose 3*h + 193 = -2*h + 4*r, 0 = r - 2. Let g = h + 57. List the prime factors of g.
2, 5
Suppose -2*x = 4*l - 28, -3*l + 4*x - 1 = -0*l. Suppose 0*n - l*n + 3*j = -21, 0 = -5*n - j + 13. Suppose -37 = -4*w + n. What are the prime factors of w?
2, 5
Let s(u) = u**2 + 6*u + 7. Let p be s(-5). List the prime factors of 18/p + (0 - 1).
2
Let g be ((-32)/6)/(2/(-3)). Let p = g + -14. Let s = p + 21. What are the prime factors of s?
3, 5
Let o be 0 + ((-12)/3)/(-2). Let z be -44*(o + (-15)/6). Suppose 3 = 5*t - z. What are the prime factors of t?
5
Suppose 2*l + 14 - 114 = 0. List the prime factors of l.
2, 5
Suppose -q + 1 = s, s - 2*q - 9 = q. What are the prime factors of (s/3)/((-4)/(-60))?
3, 5
Let v(s) = 4*s**2 - 1. Let w be v(2). Suppose l - w = 30. List the prime factors of l.
3, 5
Let p(t) = t**2 - 6 - 1 - 2*t - 2. Let z be p(-6). What are the prime factors of 267/z + 2/13?
7
Let i(k) = k**3 + 6*k**2 + 3*k. Let j(u) = u**3 + 7*u**2 + 6*u - 3. Let o be j(-6). Let x be (10/6)/(1/o). What are the prime factors of i(x)?
2, 5
Let h be (-1)/(3/(-9)) + -1. Suppose -h*z - 2*z = -72. What are the prime factors of z?
2, 3
Let x be (-1)/3 + (-64)/(-12). Suppose 0*h + 58 = 3*u - 2*h, x*h + 64 = 3*u. Let j = u + -2. List the prime factors of j.
2
Let y(l) = l + 4. Let w be y(-3). Let q(j) = 2*j. Let z be q(w). Suppose 3*f - 4*o - 36 = 0, 5*f - 3*o + z*o = 60. What are the prime factors of f?
2, 3
Let m = 261 + -152. Let o = m - 53. List the prime factors of o.
2, 7
Let l(n) = 3*n - 5*n - 4*n + 3 + 4*n. List the prime factors of l(-7).
17
Suppose 0*o - 474 = -6*o. Let d = o + -39. What are the prime factors of d?
2, 5
Let p be (-28)/(-6) - 3/(-9). Suppose p*z = 12 + 3. Suppose 0 = z*u - 2 - 4. What are the prime factors of u?
2
Suppose -4*i - i = 0. Suppose i*g - 16 = 2*g. What are the prime factors of (g/6)/((-1)/3)?
2
Let f(s) = s**2 + 6*s - 7. Let m be f(-7). List the prime factors of (-11)/(-1 + m)*1.
11
List the prime factors of (-202)/(-8) + 3/(-12).
5
Let a = -294 + 561. List the prime factors of a.
3, 89
Suppose 0 = -4*w + 9*w - 150. Suppose -45 = -5*o - 5*z, o + z + 21 = 6*o. Suppose 2*g + c - 13 = 0, o*g - w = -2*c - 0*c. List the prime factors of g.
2
Let u(k) = -k**2 + 17*k + 1. List the prime factors of u(10).
71
Suppose 0 = -2*n - 2*n. Let x(m) = 4*m + 3 - 3*m + n*m + 5. What are the prime factors of x(-6)?
2
Let r(c) = -6 + 3 + 15*c**2 + 3*c + 2 - 2*c. What are the prime factors of r(1)?
3, 5
Let a(v) = 17*v**2 - 4*v + 5. List the prime factors of a(1).
2, 3
Suppose 4*j + 12 = 3*z + 2*j, -4*z + 16 = -3*j. Let g be (15/(-12))/((-1)/z). List the prime factors of 52/g + (-2)/5.
2, 5
Let o(u) = 55*u**2 + u + 1. What are the prime factors of o(-1)?
5, 11
Let p = -31 + 60. What are the prime factors of p?
29
Suppose 2*a = -7 - 13. Let k = a - -16. Suppose -5*d = -k*d + 3. List the prime factors of d.
3
Suppose 5*j - 44 = -3*z, -3*z = -4*j + 20 - 1. Let t(q) = q**3 - 7*q**2 + 2*q - 8. What are the prime factors of t(j)?
2, 3
Let k(f) = 3*f**2 - 4*f - 2. List the prime factors of k(3).
13
Let m be ((-2)/2)/((-2)/14). Let a = -11 + 33. Let p = a - m. List the prime factors of p.
3, 5
Suppose t - 4 = 5. What are the